 2, r = -r + 4*q + 6. Let d(v) be the second derivative of -9*v + 0*v**3 + v**2 + 5/12*v**4 + 1/20*v**5 + 0. Give d(r).
2
Let w(l) = 11*l - 4 - 19*l - l**2 - 14*l + 11*l. Determine w(-7).
24
Let c(r) = -r**3 - r**2. Let x(h) = -h**3 + 16*h**2 + 38*h - 25. Let a be x(18). Let s = -4 - -14. Let f = a - s. Determine c(f).
-2
Let f(u) = -u**3 - 2*u**2 + 3*u - 2. Suppose 10*w = -y + 9*w - 2, y - 5*w + 8 = 0. Give f(y).
-2
Let h(x) = x**3 - 8*x**2 + 7*x + 5. Let b be ((-63)/(-18))/((-1)/(-2)). Determine h(b).
5
Let k(s) be the first derivative of -s**3/3 - 5*s**2 - 4*s - 48. What is k(-8)?
12
Let i(s) = 1 - 8 - 2*s + 14 - 5. Let j(g) = -1. Let l(n) = -3*n**2 + n. Let w be l(1). Let k(b) = w*j(b) - 2*i(b). What is k(-2)?
-10
Suppose 4 = -9*y - 5. Let n(x) = -26*x**3 - x**2 + x + 1. Determine n(y).
25
Let y(s) = -s**3 + 5*s**2 - 1718 + 865 - 8*s + 873. Calculate y(4).
4
Let m(c) be the second derivative of 15*c + c**3 - 13 + 13. Calculate m(1).
6
Let i(h) = 2*h**2 + 6*h + 7. Let a(k) = -k**2 - 10*k + 9. Let u be a(-11). Determine i(u).
3
Let y(s) = 33. Let q(b) = -b - 1. Let a(h) = -q(h) - y(h). Give a(0).
-32
Suppose -9 + 21 = -4*q. Let a be 0 - (-1 + q + 1). Let p(w) = -2*w - 4. Calculate p(a).
-10
Let o(r) = -12 + 6*r + 3 - 6*r - 7 - 2*r. Calculate o(-5).
-6
Suppose -4*u = -5*l + 45, 3*u - l - 7 = -27. Let b(s) = s**3 + 3*s**2 - 12*s - 11. Give b(u).
-1
Let i(j) be the first derivative of -j**2/2 - 38*j - 101. Give i(0).
-38
Let l(x) = -4*x**2 + x + 3. Let v(h) = -11*h**2 + 2*h + 9. Let t(b) = 17*l(b) - 6*v(b). Let r be 34/221 - (-37)/13. Give t(r).
-6
Let g(d) = -d - 7. Let a(w) = -2*w. Let r be a(3). Let o be g(r). Let m(k) = 271*k**2 - 526*k**2 + 260*k**2. Calculate m(o).
5
Let b(s) = -s**2 - 32*s - 227. Let t be b(-21). Let p(y) = y**2 - 5*y - 4. What is p(t)?
-8
Let y(c) = 2*c - 2. Let s = -104 + 99. Calculate y(s).
-12
Let i(a) be the second derivative of -a**3/6 + 163*a. Give i(-7).
7
Let g(f) = -11*f + 3. Let r be 2*(-10)/(180/27). Let n(y) = -1 - 4*y - 6*y + 3. Let w(q) = r*n(q) + 2*g(q). What is w(2)?
16
Let y(r) = 8*r - 33. Let p(q) = -23*q + 98. Let c(d) = 6*p(d) + 17*y(d). Let w be c(13). Let s(j) = -9*j**2 + 2*j - 1. Give s(w).
-8
Suppose -5*l - 17 = -3*j, -2*j + 2*l + 36 - 22 = 0. Let t(c) = -c**2 + 10*c - 6. Determine t(j).
3
Let w(y) = 2028*y**2 + 2027*y**2 - 4054*y**2 + 1. Let q(x) = x + 1. Let p be q(1). Give w(p).
5
Let i(h) = -h**3 + 4*h**2 - 2*h - 1. Let s be i(2). Suppose -2*k = -w, s*w = 2*k + w. Let r(l) = l**2 - l - 21. Determine r(k).
-21
Let o(u) = u**2 + 3*u - 9. Let q(g) = g**2 - 4*g + 10. Let a(h) = -7*o(h) - 6*q(h). What is a(-2)?
-55
Suppose 3*s - 3 = -0*s. Let i(f) = -3 - 18*f - 3 + 14*f - 2 + 9. Give i(s).
-3
Let r(w) = -5*w + 1 + 5*w - 2*w. Suppose 12*c - 11*c = 3. What is r(c)?
-5
Let x be (54/(-81))/((-2)/(-3)). Let p(v) = -4*v**2 + 3*v + 2. Determine p(x).
-5
Let g be 4 - ((-30)/(-6) + 8/(-2)). Suppose -3*k + 5*x - 15 = 0, -k + 6 = -g*k + 2*x. Let b(m) = 7 + 5 - m**3 + 0*m - m. Calculate b(k).
12
Let j = -24 - -26. Suppose 27 - 11 = 2*o + 4*d, -j*o + 7 = d. Let u(b) = -2*b**3 + 3*b**2 - 3*b. Determine u(o).
-10
Let f(l) = 3*l + 37. Let i be f(-11). Let q(t) = -3*t - 7*t + 13*t - t - i. What is q(4)?
4
Let w(c) = 3*c**2 - 5*c**2 + 15*c - 13*c. Give w(2).
-4
Let f(t) be the first derivative of -5*t**2 - 5*t - 2. Let d(p) = 11*p + 6. Let x(o) = 6*d(o) + 7*f(o). Determine x(1).
-3
Let t(v) = 41*v + 42. Let c(i) = 50*i + 43. Let s(f) = -5*c(f) + 6*t(f). Give s(12).
-11
Let t = 79 + -45. Suppose -u - 33 + t = 0. Let s(o) = 5*o**3 + 1. Calculate s(u).
6
Suppose 3*n + 5*r - 23 = 0, 0 = -5*n + 3*r - 8*r + 35. Let q(f) = 4 - n - 6 + f. Give q(7).
-1
Let v(d) = -67*d**2 + 11*d - 64*d**2 + 2 + 130*d**2 + 5. Determine v(6).
37
Let t(b) be the second derivative of -b**3/2 + b. Suppose -3*x + 19 = -h, -x = 5*h + 2*x + 41. Let a be h/15 + 21/(-9). What is t(a)?
9
Let y be -2 + ((-423)/(-27) - (-4)/(-6)). Suppose 28 = y*d - 6*d. Let b(o) = o**3 - 4*o**2 + 4*o + 4. Determine b(d).
20
Let u(f) = f - 5. Suppose -2*q = 5*g + 2, g = -4*q + q - 3. Let n be (q/3)/(4*8/(-384)). What is u(n)?
-1
Let a be (9/12)/((-6)/48). Let w(f) be the second derivative of f**4/12 + f**3 + f**2 - 14*f. Give w(a).
2
Suppose 419 + 323 = -14*s. Let t = s - -59. Let v(z) = -z**3 + 6*z**2 - z + 2. What is v(t)?
-4
Let i(l) = -l - 25. Suppose -11*u - 35*u = 1288. Calculate i(u).
3
Suppose 8*d + 37 = 21. Let a(o) = o**3 + 4*o**2 - 2. Give a(d).
6
Let q(o) = 34 + 34 - o - 70. Let n(u) = -2*u**3 + 2*u**2 + 3*u - 3. Let d be n(2). What is q(d)?
3
Let c(r) be the first derivative of 2*r**3/3 - 5*r**2/2 + r + 1. Let d(a) = 11*a**2 - 1. Let h be d(-1). Let x be -5*(-2)/h + 3. Give c(x).
13
Let h(s) be the second derivative of s**5/20 + 5*s**4/12 + s**3/3 + 9*s**2/2 - 307*s. Calculate h(-5).
-1
Suppose -137*q + 36 = 4*y - 141*q, 9 = -y - 5*q. Let t(i) = -3 + 4 - 6 - i**2 + 8*i. Give t(y).
7
Let u(f) be the second derivative of -f**4/12 + 2*f**3 - 5*f**2/2 + 89*f. Determine u(12).
-5
Let k be (-8)/(24/9) + 2*-1. Let f(n) = -4*n**2 - 5*n + 8. Let g(r) = -r**2 + 1. Let t(z) = f(z) - 3*g(z). What is t(k)?
5
Let y be (-9)/(-15) - 23/5. Let g = y + 6. Let h(l) = 2 - 1 - 2*l**g - 2 - 4*l. What is h(-3)?
-7
Let c(g) = 26*g**2 - g. Let u be c(1). Let k = u - 18. Let v(r) = r**3 - 8*r**2 + 9*r - 9. Determine v(k).
5
Let h(l) = 11*l**3 - 18*l**2 + 22*l + 19. Let i(q) = 4*q**3 - 6*q**2 + 8*q + 7. Let t(a) = 3*h(a) - 8*i(a). Give t(6).
13
Let t = -287 + 283. Let g(r) = -r**3 - 4*r**2 - 2*r - 1. What is g(t)?
7
Let t(g) be the first derivative of g**3/3 - 9*g**2 + 22*g - 208. Determine t(16).
-10
Let m(j) = 7*j - 1. Let r be m(1). Let u(y) = -y**3 + 8*y**2 - 6*y - 3. Let w be u(7). Let f(i) = -7*i + 1 - 3*i**2 + 0 + w*i**2. Give f(r).
-5
Let g be (-133)/38 + (-3)/2 - -4. Let f(q) = 9*q + 1. What is f(g)?
-8
Let b(f) = f**2 - 2*f - 6. Let h(y) = 2 - 8 - 4*y - 10 + 2*y**2 + 3. Let o(k) = 5*b(k) - 2*h(k). Calculate o(3).
-1
Let y(t) be the second derivative of -t**6/8 + t**3/6 + 7*t**2 - 15*t. Let g(r) be the first derivative of y(r). What is g(-1)?
16
Suppose -3*s = -d - 1, 0*s + 28 = 4*s + 4*d. Let i(y) = y. Let u(f) = -f + 1. Let z be (5/(-2) - -2)/((-6)/(-12)). Let a(k) = z*i(k) + u(k). What is a(s)?
-3
Let t(i) = i**2 + 4*i + 7. Let z(r) = 3*r**2 + 13*r + 21. Let w(j) = -11*t(j) + 4*z(j). Suppose -3*f - 16 = 2. Calculate w(f).
-5
Suppose 64*s - 69*s + 20 = 0. Suppose s*t - 166 = -162. Let q(b) = 6*b - 1. Calculate q(t).
5
Suppose 16 = 23*t - 19*t. Suppose t*g + 28 = 4*i, 5*i - 2*g = -0*g + 23. Let p(v) = -9*v + v**i - 1 - 10*v + 18*v. Determine p(0).
-1
Let l(i) = -3*i**2 - i. Let r(s) = -s**2 - s + 9. Let o be r(-3). Suppose -o*q - 4*w + 8 = w, -5*q = w - 6. What is l(q)?
-4
Let d be 0/(-3 - -3 - -2). Suppose d = -a + 2*a - 6. Let h(i) = 0*i**3 + 59 - 61 - 8*i + i**3 + a*i**2. Give h(-7).
5
Let w(k) = -3*k**2 + 2 - 90486*k + 15 + k**3 - k**2 + 90477*k. Give w(5).
-3
Let l(i) be the second derivative of 1/3*i**3 + 1/120*i**5 + 0 - 2*i + 3/8*i**4 + 0*i**2. Let v(t) be the second derivative of l(t). What is v(-4)?
5
Let r(k) be the first derivative of k**4/2 - 2*k**3/3 + 3*k**2/2 - 3*k - 45. Determine r(2).
11
Let j be (0/(-51))/((-2)/16 - (-45)/40). Let k(f) = -f**2 + f - 1. Let t(w) = -1. Let n(i) = k(i) - 6*t(i). What is n(j)?
5
Let b be (-144)/(-60)*5/2. Let g(k) = 82*k + 3. Let l(v) = 38*v + 1. Let d(w) = 6*g(w) - 13*l(w). Determine d(b).
-7
Let p(l) = 4*l - 16. Let w be p(6). Let q be 0 + -4*12/w. Let v(h) = h**3 + 6*h**2 - 2*h - 3. What is v(q)?
9
Let r(d) = d**2 - 2*d - 6. Let l(b) = 3*b**2 - b. Let x be l(-1). Let u be r(x). Suppose -2 = -u*f + f. Let a(w) = 4*w**2 - w + 1. Give a(f).
15
Let z(l) = -l**2 + 14*l + 39. Let j = 405 - 389. Give z(j).
7
Let l = 17 - 5. Let k(w) = 17*w - l*w - 7*w - 6. What is k(-4)?
2
Suppose p - 3*i - 1296 = -6*i, 3*p - 4*i - 3901 = 0. Let x(d) = -1299 + d + p. Calculate x(3).
3
Let q(x) = -7*x + 31 - 9*x + 6*x - 18 - 14. Determine q(-3).
29
Let m(n) = -n**2 - 8*n - 2. Let s be (-954)/11925 - 2*346/100. What is m(s)?
5
Let l(v) = 2*v**2 - v - 1. Let z be l(-1). Let o(u) = 8 - 2669*u - 4 - 2 + 2670*u. Give o(z).
4
Let y(h) be the third derivative of h**8/2240 - h**7/840 + h**6/360 + h**5/60 - 9*h**4/4 - h**2 - h. Let j(g) be the second